
Let b(n) = -n**3 + 10*n**2 + 2*n - 17. Let a be b(10). Suppose 3*f = -4*q + 3*q - 1, 0 = a*q + 3*f - 9. List the prime factors of q.
5
Suppose -3*l + 4*j + 371 = 0, 0 = 2*l - 4*j - 120 - 134. Let c be (6/9)/((-6)/l). Let n = c + 37. List the prime factors of n.
2, 3
Suppose -53*i - 400 = -54*i. List the prime factors of i.
2, 5
Let w(g) = -3*g**2 + 2*g**2 - 3 - 3*g - 3*g. Let v be w(-6). Let o = -1 - v. What are the prime factors of o?
2
Let v(d) = 233*d - 521. What are the prime factors of v(5)?
2, 7, 23
Suppose -1972 = 29*z - 59682. What are the prime factors of z?
2, 5, 199
Suppose -31*z + 28*z = -4515. What are the prime factors of z?
5, 7, 43
Suppose -20 = -6*l + l. Suppose -5*m - 4*r = -423, -3*r = l*m - r - 336. What are the prime factors of m?
83
Suppose -24 = -4*p + 4*k, 21 = 2*p - p + 4*k. Let d(i) = i**3 - 8*i**2 - 2*i + 5. What are the prime factors of d(p)?
2, 17
Let k(i) = i**2 + 7*i + 47. What are the prime factors of k(-11)?
7, 13
Suppose 40860 = -136*b + 166*b. List the prime factors of b.
2, 3, 227
Suppose -z = 4*x - 2*x - 93, -4*z = -5*x - 359. Let p = z + 26. What are the prime factors of p?
3, 13
Let z(q) = -q**3 - 2*q**2 + 6*q + 19. What are the prime factors of z(-9)?
2, 7, 19
Suppose 0 = -2*r + 4 - 0. Suppose -3*i = r*i. Suppose i = -0*v + 3*v - 45. What are the prime factors of v?
3, 5
Suppose 4*p = 20, 4*z + 6*p + 255 = p. Let a be z/(-22) - (-8)/(-44). What are the prime factors of 1*3/a*30?
2, 3, 5
Suppose 83*l = 126*l - 215000. What are the prime factors of l?
2, 5
Suppose 216 = 3*c + g, -g - 3*g - 272 = -4*c. Let j = 128 - c. List the prime factors of j.
3, 19
Let k(u) = 3*u**2 + 3*u - 6. Let a be k(2). Suppose -4*y - 4*d = -228 + 16, 0 = -4*d - a. List the prime factors of y.
2, 7
Suppose 785 = 5*f + 5*l, -4*f + 636 = 2*l - 0*l. Let n = f + -52. List the prime factors of n.
109
Suppose -4209 - 8104 = -7*t. List the prime factors of t.
1759
Suppose -65*b - 70 = -67*b. List the prime factors of b.
5, 7
Let q(c) be the third derivative of c**5/60 + 2*c**3/3 + c**2. List the prime factors of q(7).
53
Let h(a) = -590*a - 132. List the prime factors of h(-2).
2, 131
Let u = -1 - 16. Let s = 0 - u. List the prime factors of s.
17
Let j = 21 - 6. Suppose 5*i = -j + 40. Suppose 0 = 5*o + i*p, 4*o = 2*p - 3*p + 12. List the prime factors of o.
2
Suppose -3*h = 3*j - 279, j + 367 = 9*h - 5*h. What are the prime factors of h?
2, 23
Let s(i) = 329*i + 47. List the prime factors of s(6).
43, 47
Suppose 5*t + 2*d = 266 + 685, 2*t + 3*d - 387 = 0. What are the prime factors of t?
3, 7
Let r(m) = 187*m**2 + 7*m + 31. What are the prime factors of r(-5)?
3, 173
Let c(k) = k + 7. Let j be c(3). Suppose 0 = -5*r + j, b + 4*b + 4*r - 263 = 0. List the prime factors of b.
3, 17
Let l = 1782 - 14. List the prime factors of l.
2, 13, 17
Suppose n + t - 80 = -t, -2*n - 2*t + 152 = 0. Let f be n/39 - 12/(-78). Suppose 0*j + f*j = 90. What are the prime factors of j?
3, 5
List the prime factors of -6 + (-1 - -40) + 7.
2, 5
Suppose s - 1402 - 935 = -5*d, 1866 = 4*d + 2*s. Suppose 3 = 4*p - 5, d = 5*o - p. What are the prime factors of o?
2, 47
Suppose 49 = 5*s - 4*o, 0*o - 4*o = -3*s + 31. List the prime factors of 224/(-6)*s/(-6).
2, 7
Suppose 0*u = u - 8. Suppose 100 = -u*n + 12*n. Let s = n + -16. List the prime factors of s.
3
List the prime factors of (-378600)/(-110) - (120/(-55) + 2).
2, 1721
What are the prime factors of 2/(16/12)*23198/21?
1657
What are the prime factors of 68/(-85) + (-13918)/(-10) + 3?
2, 17, 41
Let k = -3 + 8. Let u = -60 - -78. Suppose u = k*o - 212. What are the prime factors of o?
2, 23
Suppose -6*o + 4199 = 11*o. List the prime factors of o.
13, 19
Let o be 0*(4 + (-44)/12). Suppose 0 = 2*a + 3*j - 18 - o, 0 = -4*a - 4*j + 36. List the prime factors of a.
3
Let k = -292 - 46. Let i = k - -511. List the prime factors of i.
173
Let x(d) = 2*d**2 + 34*d - 2. Let n be x(-17). List the prime factors of ((11 - 1)/(-10))/(n/194).
97
Suppose -3*q + 1 = -2*q. Let r(h) = q + 3*h**2 - h + 5*h - 2*h. What are the prime factors of r(-2)?
3
Let v(a) = -a**3 - 2*a**2 - 6*a - 4. Let z be v(5). Let c = z + 382. Let d = c + -99. List the prime factors of d.
2, 37
Let u = 4 - 76. Let x = -25 - u. List the prime factors of x.
47
Let q(h) = h**2 + 11*h + 8. Let t be q(-13). Let p = t - -42. What are the prime factors of p?
2, 19
Let v(f) = -4*f**3 - 2*f**2 + f + 1. Let k be v(-1). What are the prime factors of (-8 + -12)*(-1)/k?
2, 5
Let z(q) = 64*q + 701. What are the prime factors of z(-5)?
3, 127
Let d = -179 - -308. Suppose j = d - 40. What are the prime factors of j?
89
Let d(r) = r**3 - 8*r**2 + 2*r + 10. Let b be d(8). Suppose 0 = 27*u - b*u - 192. What are the prime factors of u?
2, 3
Let h(c) = -2*c**3 + 11*c**2 - 12*c**2 - 12 + 4*c + 4. List the prime factors of h(-4).
2, 11
Suppose 48103 = 33*m - 1430. List the prime factors of m.
19, 79
Suppose 14*w = 5895 - 519. List the prime factors of w.
2, 3
Let z(y) = -4*y**2 + y - 1. Suppose a = 1 - 4. Let d(m) = m**3 + m - 1. Let k(c) = a*d(c) + z(c). List the prime factors of k(-2).
2, 7
Let o(x) = -2*x - 14. Suppose 7 = -4*h + 3*h. Let l be o(h). Suppose 5*g - 8*g + 108 = l. List the prime factors of g.
2, 3
Let s = 902 + -582. What are the prime factors of s?
2, 5
What are the prime factors of (-3)/5 - (-23904)/90 - -3?
2, 67
Let p be -4 + 6 + (25*18 - 2). Suppose -9*b = -4*b + s - p, 5*b = -3*s + 460. List the prime factors of b.
89
Let d(h) = -23*h**3 + 2*h**2 - 1. Let v be d(-1). Let r = v + -3. Suppose -r = -5*l + 89. What are the prime factors of l?
2, 11
Suppose -300 = -3*k + 330. List the prime factors of k.
2, 3, 5, 7
Let k = -8 - -11. Suppose 3*h = 3*g - 6, -5*h + 2*g - 6 + 2 = 0. Suppose h*q - 21 = -k*q. List the prime factors of q.
7
Let s be (-45)/(-75) + (-34)/(-10). Let i = 31 - 28. Suppose -q = -6*q + 5*z + 250, 0 = -i*q + s*z + 146. List the prime factors of q.
2, 3
Let k = 1 + 18. Suppose -2*r + 21 = -k. List the prime factors of (-88)/10*r/(-8).
2, 11
Let m(z) = 3*z**2. Let t be m(-2). Suppose 3*n - t = -2*j + n, -5*n + 20 = 0. Suppose 3*s - 19 = -j*y, -4*y + 5 = -3*s - 2*s. List the prime factors of y.
5
Let y = -29 + 17. Let a be 3/((-5)/(260/y)). Let s = a - 8. List the prime factors of s.
5
Let o(r) = r**3 - 7*r**2 - 3*r + 24. Let f be o(7). Suppose 16 + 17 = f*t. What are the prime factors of t?
11
Suppose 0 = -u - 2*u - 3*i + 99, 12 = 4*i. Let z = u + -26. Suppose 0 = -5*q + 10, -z = -p - 5*q + 4*q. List the prime factors of p.
2
Suppose -7 - 8 = -5*c. Let m be c/6 + (-111)/(-6). Suppose b + m = 2*b + z, 0 = 4*b + z - 73. List the prime factors of b.
2, 3
Let o(t) = 27*t**2 + 3*t - 2. Let d(r) = r**2 - 2*r - 3. Let m be d(3). Suppose 4*y - 2 - 2 = m. List the prime factors of o(y).
2, 7
Suppose 23*h - 616 = 19*h. List the prime factors of h.
2, 7, 11
Let c be -4 + (11/6 - (-6)/36). List the prime factors of 1/(-1*c/118).
59
Let h(j) = j**2 - 6*j - 8. Let b be h(7). What are the prime factors of (228/(-20) - b)*-10?
2, 13
Let i = 96 + 56. Suppose -4*z + 254 = 5*d - 8*z, 3*d = 2*z + i. List the prime factors of d.
2, 5
Suppose 4*v = -0 - 0. Suppose q - 15 = -v*q. List the prime factors of q.
3, 5
Let n(v) = -v**2 + 3*v. Let u be n(8). Let d = 53 + u. List the prime factors of d.
13
Let a = 3086 + -1110. What are the prime factors of a?
2, 13, 19
Let y(x) = 42*x**2 + 5*x - 1. Suppose 3*s = 3*p + 3, -5*p - 2 = -2*s + 9. List the prime factors of y(s).
157
Let h(v) = -86*v - 45. What are the prime factors of h(-5)?
5, 7, 11
Let t(u) = -2*u**2 - 4*u + 5. Let h be t(-4). Let q = h - -25. Let y = q + 6. List the prime factors of y.
2, 5
Suppose -8*u = -17*u + 18. Let i(l) = -2*l + 1 + 7*l + 2*l. What are the prime factors of i(u)?
3, 5
Let g = 2767 + -1228. List the prime factors of g.
3, 19
Suppose 129 = r + 4*r - v, v - 131 = -5*r. Let w = r - 21. Suppose -w*l + 5*m + 419 = 44, -5*l + 2*m + 360 = 0. List the prime factors of l.
2, 5, 7
Suppose 0 = -8*y + 3*y - 2920. List the prime factors of y/(-24) + 2/3.
5
Suppose -49 - 119 = -3*l. Let j = 23 + l. What are the prime factors of j?
79
Let p = 2803 + -1723. What are the prime factors of p?
2, 3, 5
Suppose u - 2 - 1 = 0. Suppose -5*v + 3*n + 246 = 0, -2*v - 2*v + 195 = -u*n. What are the prime factors